{"id":5,"date":"2023-09-24T14:47:37","date_gmt":"2023-09-24T12:47:37","guid":{"rendered":"https:\/\/parlerpsy.fr\/?page_id=5"},"modified":"2025-09-21T18:10:30","modified_gmt":"2025-09-21T16:10:30","slug":"accueil","status":"publish","type":"page","link":"https:\/\/parlerpsy.fr\/","title":{"rendered":"Accueil"},"content":{"rendered":"\n<p>Je m\u2019appelle <strong>Elsa<\/strong>, <strong>psychologue dipl\u00f4m\u00e9e<\/strong> depuis plusieurs ann\u00e9es, avec une exp\u00e9rience riche au sein d&rsquo;<strong>\u00e9tablissements hospitaliers<\/strong> et en <strong>EHPAD<\/strong>. Mon parcours professionnel m&rsquo;a permis d&rsquo;intervenir de mani\u00e8re \u00e9tendue dans divers services, enrichissant ainsi ma compr\u00e9hension des besoins psychologiques vari\u00e9s des individus.<\/p>\n\n\n\n<p>Ma pratique clinique repose sur une <strong>approche int\u00e9grative<\/strong>, incluant une palette d&rsquo;outils th\u00e9rapeutiques. Je valorise particuli\u00e8rement les <strong>th\u00e9rapies cognitives<\/strong>, <strong>comportementales <\/strong>et <strong>\u00e9motionnelles (TCCE)<\/strong> reconnues pour leur efficacit\u00e9. Cependant, pour optimiser encore davantage les r\u00e9sultats, j&rsquo;ai choisi de me sp\u00e9cialiser dans l&rsquo;hypnose, que j&rsquo;ai soigneusement int\u00e9gr\u00e9e \u00e0 mes s\u00e9ances th\u00e9rapeutiques. Cette combinaison a abouti \u00e0 des <strong>r\u00e9sultats remarquables<\/strong>, souvent obtenus de mani\u00e8re plus <strong>rapide<\/strong>, offrant \u00e0 mes patients une \u00e9volution surprenante.<\/p>\n\n\n\n<p>Ma sp\u00e9cialisation se concentre principalement sur la prise en charge des adultes, mais je suis \u00e9galement ouverte \u00e0 adapter ma pratique pour r\u00e9pondre aux besoins sp\u00e9cifiques des jeunes et des personnes \u00e2g\u00e9es. Mon objectif premier reste d&rsquo;offrir des <strong>approches th\u00e9rapeutiques personnalis\u00e9es<\/strong>, adapt\u00e9es \u00e0 chaque individu, favorisant ainsi un <strong>bien-\u00eatre psychologique authentique et durable<\/strong>.<\/p>\n","protected":false},"excerpt":{"rendered":"Je m\u2019appelle Elsa, psychologue dipl\u00f4m\u00e9e depuis plusieurs ann\u00e9es, avec une exp\u00e9rience riche au sein d&rsquo;\u00e9tablissements hospitaliers et en EHPAD. Mon parcours professionnel m&rsquo;a permis d&rsquo;intervenir de mani\u00e8re \u00e9tendue dans divers services, enrichissant ainsi ma compr\u00e9hension des besoins psychologiques vari\u00e9s des individus. Ma pratique clinique repose sur une approche int\u00e9grative, incluant une palette d&rsquo;outils th\u00e9rapeutiques. Je&#8230; <a class=\"view-article\" href=\"https:\/\/parlerpsy.fr\/\">Voir l&rsquo;article<\/a>","protected":false},"author":1,"featured_media":0,"parent":0,"menu_order":0,"comment_status":"closed","ping_status":"closed","template":"","meta":{"inline_featured_image":false,"footnotes":""},"class_list":["post-5","page","type-page","status-publish","hentry"],"acf":[],"_links":{"self":[{"href":"https:\/\/parlerpsy.fr\/index.php\/wp-json\/wp\/v2\/pages\/5","targetHints":{"allow":["GET"]}}],"collection":[{"href":"https:\/\/parlerpsy.fr\/index.php\/wp-json\/wp\/v2\/pages"}],"about":[{"href":"https:\/\/parlerpsy.fr\/index.php\/wp-json\/wp\/v2\/types\/page"}],"author":[{"embeddable":true,"href":"https:\/\/parlerpsy.fr\/index.php\/wp-json\/wp\/v2\/users\/1"}],"replies":[{"embeddable":true,"href":"https:\/\/parlerpsy.fr\/index.php\/wp-json\/wp\/v2\/comments?post=5"}],"version-history":[{"count":52,"href":"https:\/\/parlerpsy.fr\/index.php\/wp-json\/wp\/v2\/pages\/5\/revisions"}],"predecessor-version":[{"id":115,"href":"https:\/\/parlerpsy.fr\/index.php\/wp-json\/wp\/v2\/pages\/5\/revisions\/115"}],"wp:attachment":[{"href":"https:\/\/parlerpsy.fr\/index.php\/wp-json\/wp\/v2\/media?parent=5"}],"curies":[{"name":"wp","href":"https:\/\/api.w.org\/{rel}","templated":true}]}}